{"id":960,"date":"2022-08-26T14:47:49","date_gmt":"2022-08-26T14:47:49","guid":{"rendered":"https:\/\/starkbydani.se\/?page_id=960"},"modified":"2026-03-21T18:57:49","modified_gmt":"2026-03-21T18:57:49","slug":"dani","status":"publish","type":"page","link":"https:\/\/starkbydani.se\/","title":{"rendered":"V\u00e4lkommen!"},"content":{"rendered":"\n<h2 class=\"wp-block-heading\">Vad roligt att du hittat hit!<\/h2>\n\n\n\n<p>Vill du tr\u00e4na med mig som personlig tr\u00e4nare s\u00e5 finns jag p\u00e5 <a href=\"https:\/\/www.crossfitgota.se\/\" data-type=\"link\" data-id=\"https:\/\/www.crossfitgota.se\/\">CrossFit G\u00f6ta<\/a> i G\u00f6teborg. Notera att du inte beh\u00f6ver vara medlem f\u00f6r att tr\u00e4na h\u00e4r med mig! <\/p>\n\n\n\n<p>P\u00e5 <a href=\"https:\/\/www.instagram.com\/starkbydani\" data-type=\"URL\" data-id=\"https:\/\/www.instagram.com\/starkbydani\" target=\"_blank\" rel=\"noreferrer noopener\">@starkbydani<\/a> hittar du mig alltid, skicka ett meddelande om du vill diskutera mitt utbud av tr\u00e4ningstj\u00e4nster, f\u00f6r generella fr\u00e5gor, samarbeten, priser och bokning av PT tider.<\/p>\n\n\n<div class=\"wp-block-image\">\n<figure class=\"alignright size-full is-resized\"><img loading=\"lazy\" decoding=\"async\" width=\"834\" height=\"490\" src=\"https:\/\/starkbydani.se\/wp-content\/uploads\/2021\/12\/stark_by_dani_logo-1.jpg\" alt=\"\" class=\"wp-image-772\" style=\"width:153px;height:auto\" srcset=\"https:\/\/starkbydani.se\/wp-content\/uploads\/2021\/12\/stark_by_dani_logo-1.jpg 834w, https:\/\/starkbydani.se\/wp-content\/uploads\/2021\/12\/stark_by_dani_logo-1-300x176.jpg 300w, https:\/\/starkbydani.se\/wp-content\/uploads\/2021\/12\/stark_by_dani_logo-1-768x451.jpg 768w\" sizes=\"auto, (max-width: 834px) 100vw, 834px\" \/><\/figure>\n<\/div>","protected":false},"excerpt":{"rendered":"<p>Vad roligt att du hittat hit! Vill du tr\u00e4na med mig som personlig tr\u00e4nare s\u00e5 finns jag p\u00e5 CrossFit G\u00f6ta i G\u00f6teborg. Notera att du inte beh\u00f6ver vara medlem f\u00f6r att tr\u00e4na h\u00e4r med mig!&hellip;<\/p>\n","protected":false},"author":1,"featured_media":0,"parent":0,"menu_order":0,"comment_status":"closed","ping_status":"closed","template":"","meta":{"footnotes":""},"class_list":["post-960","page","type-page","status-publish","hentry"],"_links":{"self":[{"href":"https:\/\/starkbydani.se\/index.php\/wp-json\/wp\/v2\/pages\/960","targetHints":{"allow":["GET"]}}],"collection":[{"href":"https:\/\/starkbydani.se\/index.php\/wp-json\/wp\/v2\/pages"}],"about":[{"href":"https:\/\/starkbydani.se\/index.php\/wp-json\/wp\/v2\/types\/page"}],"author":[{"embeddable":true,"href":"https:\/\/starkbydani.se\/index.php\/wp-json\/wp\/v2\/users\/1"}],"replies":[{"embeddable":true,"href":"https:\/\/starkbydani.se\/index.php\/wp-json\/wp\/v2\/comments?post=960"}],"version-history":[{"count":24,"href":"https:\/\/starkbydani.se\/index.php\/wp-json\/wp\/v2\/pages\/960\/revisions"}],"predecessor-version":[{"id":1106,"href":"https:\/\/starkbydani.se\/index.php\/wp-json\/wp\/v2\/pages\/960\/revisions\/1106"}],"wp:attachment":[{"href":"https:\/\/starkbydani.se\/index.php\/wp-json\/wp\/v2\/media?parent=960"}],"curies":[{"name":"wp","href":"https:\/\/api.w.org\/{rel}","templated":true}]}}